-4
What is the value of -103 + 103 + (3 - -1 - 0)?
4
What is the value of 12 - 2 - (70 + -53)?
-7
Evaluate (3 - (3 + 1)) + 18 + -16.
1
What is -1 - 2 - (0 + -9) - -1?
7
Calculate -6 - (-2 + (0 - 4) + 4).
-4
What is the value of (-21 - -14) + 3 + 0?
-4
Evaluate 11 + -14 - (1 + -6 + 2).
0
What is -13 + (3 - (-4 + -9))?
3
What is -7 + 7 + -5 + 1?
-4
(8 - 3) + -4 - -4
5
Calculate (0 - -3) + 0 + (0 - 0).
3
-30 + 41 + 4 + -6
9
Calculate -3 - (1 - (12 - 5)).
3
Evaluate -1 + 9 + (-5 - -4) + -5.
2
What is the value of (5 + -3 - 6) + -1 + 11?
6
What is the value of 5 + -9 + (5 - 4)?
-3
-1 - (2 - 2) - -3
2
What is -2 + -2 - (-8 - -1 - -6)?
-3
Calculate (-5 - 1) + 10 + 5 + -7.
2
Evaluate (-18 - (-13 - -2)) + -1 + 16.
8
-8 - -8 - (0 - 1)
1
What is -6 - (-25 + (-6 - -12)) - 4?
9
What is 9 + (8 - 17) + -7 - 3?
-10
What is (-1 - 3) + 5 - 4 - -3?
0
Evaluate 0 + -2 + 2 + -1.
-1
What is the value of -2 - (-4 - (-3 - 1))?
-2
7 + (7 - 10 - 6 - 6)
-8
What is the value of -6 - (-1 + 2) - (-4 + 1)?
-4
Calculate (0 - 1) + (1 + -1 - 2).
-3
Evaluate -166 + 162 + (2 + 4 - -1).
3
Calculate -1 + 3 + 4 + -11.
-5
What is the value of (5 - 10) + 7 + (-3 - 0)?
-1
What is the value of (-9 - -14) + (-5 - 2)?
-2
What is -3 + -6 + 16 - 3 - 1?
3
Calculate -4 - (2 + 4) - (-2 - -1).
-9
Evaluate 0 + -7 + 0 + 2.
-5
Evaluate 18 + 6 + -9 - 12.
3
Evaluate 7 + 0 - ((-9 - -16) + 7).
-7
What is -7 + (-7 - -5) + 3?
-6
What is the value of 8 + -13 - (0 + 0)?
-5
What is the value of 2 - (-13 + 4 - -18)?
-7
(-5 - -8 - 0) + -2
1
Calculate -34 + 31 - (-1 - 0).
-2
Evaluate (-9 - 1) + (-11 - -25).
4
Evaluate (13 - (1 - -4)) + 4 + -8.
4
Calculate 13 + (-1 - 5 - 1).
6
Calculate 6 - ((-5 - 0) + 7).
4
What is the value of -10 + 23 + -1 + -2 - 8?
2
What is 4 + -2 - (8 + -1 + 0)?
-5
Calculate 1 - ((-4 - -1) + -2 + 5).
1
What is -7 + 7 + (-7 - -6) + 0?
-1
What is 3 + (2 - (-1 - -7))?
-1
Evaluate (-4 + 11 - 6) + 1 + 2.
4
Evaluate -18 + (-11 - -23) + -1.
-7
What is the value of -16 + 13 + (2 - -6)?
5
What is (-9 - (-4 + 3) - -3) + 1?
-4
What is -8 + (1 - (-3 - -1))?
-5
What is the value of (0 - 2) + -2 + -1?
-5
Calculate -4 + 16 + -2 + -5.
5
Calculate -3 - (-8 + (2 + 2 - 1)).
2
What is the value of -31 + 27 + -1 + 1 - 0?
-4
Calculate 1 + -13 - (-7 + (8 - 6)).
-7
What is the value of (-2 - -5 - 3) + 1 - -1?
2
What is the value of 1 - (-1 + 4 - (8 + -8))?
-2
Evaluate (2 - 6) + (-2 - -6 - 2).
-2
12 + -1 + -21 + 15
5
What is (5 - 6 - -1) + (3 - 1)?
2
Evaluate -2 + 0 - (3 - 8).
3
Evaluate (-7 - -2) + (4 - 2).
-3
What is the value of -7 + (-3 + -2 - -10)?
-2
What is -4 + (14 - 10 - (-1 - 3))?
4
What is the value of 5 + (-9 - -14) + -10?
0
What is the value of 6 + -3 + -10 + 8?
1
0 + 1 + 1 + -1 + 2
3
What is (5 - (-5 + 4)) + (-3 - -1)?
4
(3 - -1) + -1 + -3
0
What is the value of -3 + (2 - 1) + -3?
-5
4 + -14 + 7 + 6 - 1
2
Evaluate -39 - -34 - (2 + 0 + -4).
-3
Calculate 1 + -4 + 6 + -2 + 3.
4
Calculate -8 - ((20 - 19) + 0 + -6).
-3
Calculate -1 - -2 - (31 + -26).
-4
What is the value of (10 - 16) + 1 + 0 - -4?
-1
What is the value of (1 - (-4 - 0)) + 0 + 0?
5
Evaluate (21 - 8) + 12 + -14.
11
Evaluate -7 - (-3 + 4 + -4).
-4
Calculate -6 + (-2 - -9) - 8 - -4.
-3
What is -4 + -4 + (11 - 7)?
-4
What is the value of 4 + -3 + 4 + -9?
-4
7 - (-6 + 10 - 0)
3
(0 - 6) + (3 - 2) + 4
-1
Evaluate 3 + (-1 - -3) + -2.
3
Calculate -1 + 0 + 4 - (2 + 0).
1
What is the value of 0 + (-8 - 1) + 175 + -172?
-6
-5 + (2 - 6) + 11 + -2
0
What is -6 - (-2 + 2 + -1)?
-5
What is the value of -1 - 4 - (16 - 19)?
-2
Calculate (2 - 2) + 0 - (-4 + 7).
-3
(3 + -5 - 1 - 0) + 7
4
Evaluate -3 + (7 - 4) + 1.
1
Evaluate -1 + 5 + (-18 - -13).
-1
What is the value of -5 + -5 + 4 + 0 + 10?
4
What is 77 - 82 - (-1 - -2 - 0)?
-6
1 - (10 - 5) - 3 - -1
-6
(0 - 2) + (-13 - -16)
1
7 + (-2 - (4 + -4))
5
What is 1 - -6 - (-11 - -12) - 13?
-7
Evaluate 9 + -6 + 0 + -3.
0
What is -2 + 2 + -2 + 0 + 0?
-2
What is -8 - (-7 - 2) - 2?
-1
Calculate (-1 - -1) + 2 + 3 + -6.
-1
What is -10 + (-11 - -9 - -14)?
2
4 + 4 + -3 + 0
5
(-3 - 1) + (8 - (3 + 1))
0
Calculate 2 + -2 - 2 - (-14 + 11).
1
What is (-1 - -1 - (-3 + 5)) + 6?
4
(-1 - (2 + -7 - -2)) + -4
-2
Calculate -1 + (-9 - (-6 + 2)).
-6
Calculate 3 - (3 + -4 + 3 + -3).
4
What is the value of 4 + 1 - (-2 - (0 + -3))?
4
Evaluate -7 - (-8 + -5) - 9.
-3
-269 + 284 - (13 - 1)
3
What is the value of -3 - ((1 - 6) + 5 + -1)?
-2
Calculate 1 - -5 - (9 - 1).
-2
What is 5 - 5 - 1 - -2?
1
Evaluate 5 + (2 - 3) + (1 - 0).
5
-4 - (-4 + (-1 - -2))
-1
What is the value of 2 - (-1 - (2 + 0))?
5
What is the value of (2 - -1 - -5) + -10?
-2
3 - 11 - (3 + -8)
-3
What is the value of 5 + -8 + (-2 - (0 - 0))?
-5
-5 + (-3 - -1) + 3 + 0
-4
Calculate 4 - (4 + 7 + -2).
-5
What is the value of -7 + -3 - -5 - -10?
5
Calculate (0 - -8) + 2 + -21.
-11
Evaluate 6 + -8 - -11 - 2.
7
What is -2 + 3 + -3 + (4 - 4)?
-2
Evaluate (33 - 20) + 1 + -7.
7
What is (96 - 88) + (0 - 10)?
-2
Calculate (-4 + 4 - 3) + 7 + -1.
3
Calculate 4 - (-7 - -10 - 0).
1
Evaluate -7 + (-2 - -3 - (0 - 6)).
0
What is the value of 0 - (-4 - (2 + (-3 - 3)))?
0
2 - 3 - (-6 - (3 + -8))
0
Calculate 9 - ((-5 - -4) + 11).
-1
Evaluate 2 + 0 + (4 - -1) + -8.
-1
Evaluate -12 - (1 + -17 - -9).
-5
114 + -122 + 0 + 5
-3
What is 6 + -2 - (-1 + 5)?
0
Evaluate -1 + (-3 - (-1 - 3)).
0
Evaluate 4 - -1 - (-1 + 3) - 4.
-1
Evaluate (1 - 0) + -9 + 11 + 6.
9
What is the value of -4 + 2 + 2 - (0 + 2)?
-2
Calculate 27 - 35 - (-4 - 2) - 0.
-2
What is -4 - 3 - (1 - (5 + 1))?
-2
What is -4 - (-1 + 4 + -8)?
1
Calculate (5 - 5) + -3 - -6 - 0.
3
Evaluate 0 - (-1 + 5 + 0 + -4).
0
(6 - 2 - 5) + 8 + 1
8
Evaluate 0 + 0 + -1 + 5 + -9.
-5
Evaluate 3 - (-2 + 4 + -4 + 8).
-3
-2 - (3 - (2 + 0))
-3
What is the value of 31 - 35 - (0 + 1)?
-5
-126 - -129 - (4 - (0 + 0))
-1
What is the value of 5 + (-10 - -12) + -5?
2
What is the value of -9 + -6 + 9 - -10?
4
What is the value of -22 + 7 + 10 - 0?
-5
What is the value of -11 + (5 - -1) + 7 + 2?
4
Evaluate 3 + 0 + (10 - 4 - 5).
4
2 + (1 - (2 + -4))
5
Calculate 11 - 4 - (9 - 2).
0
Calculate -2 - -5 - (-4 + 16).
-9
Evaluate -1 - (1 + (3 + -2 - 0)).
-3
What is the value of 3 + -1 - ((-25 - -48) + -16)?
-5
Evaluate -15 - (-13 - -14 - 10).
-6
-1 - 9 - (-10 - (-8 - -1))
-7
-2 + (6 - 5) + -2 + -3
-6
What is (-2 - -1) + (-2 - (-6 + 0))?
3
What is 6 - (-2 + 2 + 0)?
6
What is the value of 8 - 4 - (14 - 5)?
-5
Evaluate 6 + -2 + 2 + -73 + 72.
5
What is 0 + -8 - (16 + -8 - 11)?
-5
What is 9 - (2 - (4 + -6))?
5
What is the value of 4 - ((-5 - -10) + 2)?
-3
Evaluate 1 - -2 - (-11 - (5 - 12)).
7
Evaluate 9 - (2 + 0) - (-35 + 45).
-3
Calculate -13 - (0 - (14 + (-5 - 2))).
-6
(3 - 0) + -3 + -2
-2
1 + -2 + -2 - -3
0
What is 7 + (-9 - (9 + -10))?
-1
Evaluate -1 - (-7 + 5 + 3).
-2
What is (8 - 1) + (0 - 4) - 0?
3
-1 + (8 - (7 - 5))
5
30 - 34 - (0 - 3)
-1
What is 0 + -7 + 6 + 3?
2
What is the value of -4 + 10 - (-8 + 15)?
-1
Evaluate -3 + -1 + -13 + 10.
-7
Evaluate -1 - -4 - (9 - (1 - -4)).
-1
4 - (-3 + (-7 - -9))
5
Evaluate 7 + (-8 + 5 - 5).
-1
What is -2 + (3 - 1) - (2 - 6)?
4
What is (-4 - -5 - -5) + -11?
-5
Evaluate -7 + 5 + -5 + 3 + -1.
-5
Evaluate (4 - 3) + 7 - (5 + -1).
4
Calculate -12 - (-19 + 10 + -6).
3
What is (-1 - (0 + 2)) + 12 + 2?
11
What is -6 + 5 + -3 + 0?
-4
-3 - (0 - (5 + -4))
-2
Calculate (2 - 4 - 1) + (0 - -8).
5
What is the value of -5 + -1 + 6 + -1?
-1
0 + (3 - (10 + -5 + 2))
-4
What is (4 + -10 - (-5 - -1)) + 6?
4
Evaluate -3 + (-5 - (-3 - -3) - -6).
-2
-4 - -2 - (1 + 1)
-4
What is the value of (1 - -1) + 2 - (-5 + 3)?
6
-8 - (-2 + 3 + -5)
-4
What is (0 - 1) + 6 + -1?
4
-8 + (1 - 1) - -6
-2
What is -2 - (-5 + 6) - -4?
1
Evaluate -7 - (-12 - 1 - -7).
-1
What is -33 + 35 - (0 - -4)?
-2
Calculate 3 - (17 + -4 - 5).
-5
-1 + (-5 + -1 - -2)
-5
Evaluate 1 + -5 - (-16 + 18).
-6
0 - ((-4 - -9) + -1)
-4
13 + -1 + -11 + 3
4
What is 5 - (6 + 10 + 0 + -6)?
-5
Evaluate 15 + (-13 - -2) + 5 - 3.
6
What is 5 + (-7 - (-2 - 3))?
3
Evaluate -3 + 1 + -43 + 43.
-2
What is the value of 1 + -5 + 1 + 1?
-2
Calculate 4 - (1 - -15) - (16 + -23).
-5
What is (1 - 1) + 3 + -3 - 2?
-2
(4 - 2) + 1 - (2 + -3)
4
0 + (-1 - (3 - 4 - 0))
0
What is -8 + -1 + (6 - 0)?
-3
What is -3 - 1 - (43 - 54)?
7
What is 43 - 51 - (-1 + -10)?
3
Evaluate -4 + (-1 + (7 - 4) - 1).
-3
-10 + 13 - (-8 + 3 + 14)
-6
What is 7 + -3 